is 231103 + -38?
231065
In base 9, what is -5572 + 1026?
-4545
In base 12, what is -2285 - 3a?
-2303
In base 9, what is -1863078 + 54?
-1863024
In base 14, what is 269 - -11aca6?
11b131
In base 16, what is 6 + 3606?
360c
In base 13, what is 27377 - -27?
273a1
In base 4, what is 11 + 2233313203032?
2233313203103
In base 2, what is 100 - -100111011101111101?
100111011110000001
In base 8, what is 672432 + 267?
672721
In base 4, what is -1013111122222 + 30?
-1013111122132
In base 11, what is -1948a9 - 710?
-195509
In base 13, what is 1807 + -1a?
17ba
In base 8, what is -3 + -763011747?
-763011752
In base 10, what is 15 - -618307?
618322
In base 15, what is -6642d9 - 7?
-6642e1
In base 4, what is -331003 + -100232102?
-101223111
In base 15, what is 57912c - -5?
579132
In base 11, what is 1 - 71248103?
-71248102
In base 15, what is -3a5 + -34ceb?
-351a1
In base 6, what is -103 + -434535?
-435042
In base 8, what is -23164331 - 1?
-23164332
In base 15, what is 72066c - 35?
720637
In base 6, what is -30024 + 235205?
205141
In base 6, what is -1 - -20253105213?
20253105212
In base 10, what is 28647866 - 18?
28647848
In base 14, what is 2 + -278622?
-278620
In base 9, what is 246 + -557083?
-556736
In base 14, what is 27d5625c - -1?
27d5625d
In base 16, what is 1 - 1639ff?
-1639fe
In base 15, what is 14e0e1 + -2b?
14e0b5
In base 15, what is 2 + -ae09ca?
-ae09c8
In base 13, what is -95877 + -14b?
-959c5
In base 10, what is 50590 - 376?
50214
In base 16, what is 31 - b9b6?
-b985
In base 15, what is -64615 + -217?
-6482c
In base 15, what is -41 + -2992b?
-2996c
In base 3, what is -110210012021110 - -12?
-110210012021021
In base 11, what is -3a8140770 - 1?
-3a8140771
In base 12, what is -ba10 + a6a5?
-1327
In base 6, what is -35 + -1215023335?
-1215023414
In base 4, what is -3112010332303 - -1?
-3112010332302
In base 4, what is -3101200101201 + -1?
-3101200101202
In base 2, what is 1 - 10011000010100000000000011111?
-10011000010100000000000011110
In base 13, what is -4a - -271c4c?
271c02
In base 14, what is 13c - -4138?
4276
In base 6, what is 540 - -1513033?
1514013
In base 16, what is -3f1f - -28e?
-3c91
In base 10, what is 2 + 34711547?
34711549
In base 9, what is 14503 + 2515?
17118
In base 12, what is 1691799a - -4?
169179a2
In base 11, what is -215608 + 524?
-215094
In base 16, what is 7 + 10da3c?
10da43
In base 14, what is -9 + 1362781?
1362776
In base 4, what is 220230130022 + -122?
220230123300
In base 8, what is -31050 - -2545?
-26303
In base 3, what is 121112020 - 20001000?
101111020
In base 2, what is -10 - 1010101110101011000100?
-1010101110101011000110
In base 4, what is -1001 + -2110233?
-2111300
In base 16, what is -1d2990 - -3?
-1d298d
In base 2, what is -1110010101101 + -1001011000?
-1111100000101
In base 3, what is 102010001021 - 212?
102010000102
In base 3, what is -10210202010 + -2212222?
-10220122002
In base 10, what is -13311 - -36437?
23126
In base 5, what is -12012312102331 + 10?
-12012312102321
In base 2, what is 11001 + -10011011100101010111?
-10011011100100111110
In base 12, what is -3 + a5312b9?
a5312b6
In base 2, what is -10111001111101001 + 1001010101111?
-10110000100111010
In base 8, what is -271 + 30707?
30416
In base 16, what is -1b9d04 - -3?
-1b9d01
In base 4, what is 3 + -22223110133032?
-22223110133023
In base 7, what is 15222 + 106334?
124556
In base 3, what is 20002 - 2121111102012?
-2121111012010
In base 9, what is 76 - 17755?
-17668
In base 15, what is -3205 + 5465?
2260
In base 10, what is 451 - -67099?
67550
In base 10, what is -16 - 23984472?
-23984488
In base 15, what is -c234a + 78?
-c22c2
In base 14, what is 1c - -14888?
148a6
In base 13, what is -b3b9 - 75cb?
-159b7
In base 11, what is 5 - -515a5974?
515a5979
In base 8, what is 3 - 317215422?
-317215417
In base 16, what is -a7e84 - 3a?
-a7ebe
In base 14, what is -2 + -291cb5?
-291cb7
In base 3, what is -1110111022100210 + 220?
-1110111022022220
In base 10, what is 4042 + -2252?
1790
In base 2, what is 11000110 + -1010000110000100011?
-1010000101101011101
In base 2, what is -1000010011 + 1011000001011001010?
1011000000010110111
In base 14, what is 247c6 - 2185?
22641
In base 3, what is 11 + -1002220202010011?
-1002220202010000
In base 5, what is -13024224234 - 4?
-13024224243
In base 2, what is -11001110011 + -101001101?
-11111000000
In base 7, what is 13300 + -14154?
-554
In base 4, what is -22 - -2201321133?
2201321111
In base 7, what is -4545213 + -141?
-4545354
In base 8, what is -205 - 46301076?
-46301303
In base 6, what is 531354415 - -34?
531354453
In base 14, what is 8da7d + 13?
8da92
In base 10, what is -7 - -36262022?
36262015
In base 4, what is 10 - 11122110121?
-11122110111
In base 15, what is -907ae86 + 0?
-907ae86
In base 14, what is 33085ab + -1?
33085aa
In base 16, what is -5bfe6e - -5?
-5bfe69
In base 3, what is -1 + -1010121222021100?
-1010121222021101
In base 13, what is -7 + 25b926?
25b91c
In base 14, what is 14515c - 12?
14514a
In base 10, what is 1119167 - 4?
1119163
In base 12, what is 184743 + 2b3?
184a36
In base 6, what is 1 - 2055200012?
-2055200011
In base 9, what is -1571835 + 37?
-1571787
In base 11, what is 5264 - -11537?
167a0
In base 5, what is 314223 - 11301?
302422
In base 5, what is -1142231044 + -1?
-1142231100
In base 6, what is 214205442 - -1?
214205443
In base 8, what is -2 - -132034400?
132034376
In base 14, what is -1a84 - -1405?
-67d
In base 15, what is -4a962 - 151?
-4aab3
In base 14, what is b882612 - -2?
b882614
In base 2, what is 100101100 + -10000011010111101010?
-10000011010010111110
In base 7, what is -4244225 + 144?
-4244051
In base 9, what is -6 + -2015706?
-2015713
In base 14, what is 0 + 20c4cd?
20c4cd
In base 4, what is 110230 - 2223011?
-2112121
In base 11, what is -a - -321670?
321661
In base 2, what is 110110000010010 - 11011110?
110101100110100
In base 16, what is 0 + 13ac4c?
13ac4c
In base 14, what is -5 - -25778cd?
25778c8
In base 2, what is 11 + 10100011101100101110000?
10100011101100101110011
In base 16, what is -b9ff57b + 4?
-b9ff577
In base 3, what is 1210120220111121212 + 0?
1210120220111121212
In base 15, what is -1788 - -a03?
-c85
In base 5, what is 11344 - 44332012?
-44320113
In base 12, what is 3 - 1002bb27?
-1002bb24
In base 16, what is -1e4 - -6bb4?
69d0
In base 7, what is 4321 + 101?
4422
In base 4, what is 1121302 - 23213301?
-22031333
In base 15, what is -39aa9a46 + 1?
-39aa9a45
In base 11, what is 5 + 842621a3?
842621a8
In base 13, what is -93369c - a1?
-933770
In base 5, what is -13 - 2322304221?
-2322304234
In base 4, what is -10 - -1201013111211?
1201013111201
In base 9, what is 548065 + 56?
548132
In base 15, what is 1074d51 + 94?
1074de5
In base 3, what is -10 + -2200012100020?
-2200012100100
In base 8, what is 2 - 17732463?
-17732461
In base 4, what is 211130 - 1001103112?
-1000231322
In base 5, what is -3413 - -12424201?
12420233
In base 6, what is 1013 + 141015510?
141020523
In base 4, what is 21013001312 + 10?
21013001322
In base 12, what is 4584 - 582?
4002
In base 10, what is 35 + 10726730?
10726765
In base 4, what is -10 + -2223211122332?
-2223211123002
In base 8, what is 40 + 115673?
115733
In base 7, what is 23134 + 1314?
24451
In base 12, what is 2b1a26 + -ab?
2b1937
In base 5, what is 240 + -130243311?
-130243021
In base 4, what is 1211103 - 201223?
1003220
In base 2, what is 11110001 - -1010011010000?
1010111000001
In base 15, what is d18822e + -1?
d18822d
In base 2, what is -100 + 11110111100111110101001001?
11110111100111110101000101
In base 8, what is 0 + 27722442?
27722442
In base 3, what is 220221120112 - -2112?
220221200001
In base 8, what is -733 + -32624?
-33557
In base 7, what is -43065511 + -11?
-43065522
In base 5, what is 42140313 - 2400?
42132413
In base 13, what is -103937a9 + -8?
-103937b4
In base 13, what is 990606 - 148?
99048b
In base 7, what is 3 + 1010430?
1010433
In base 10, what is -1924501 - 1?
-1924502
In base 13, what is -10753ab + 5?
-10753a6
In base 13, what is -24 - 2244c40?
-2244c64
In base 10, what is 117 + -864786?
-864669
In base 12, what is -b23482 + -37?
-b234b9
In base 3, what is -1101200 - 2121201?
-11000101
In base 14, what is -16d + -343?
-4b2
In base 15, what is 11 + 79bc70?
79bc81
In base 7, what is 4236 + 12640?
20206
In base 